lculate the remainder when 34 is divided by f.
7
Let i(m) = m + 5. Let h be i(6). Let s = 5 - h. What is the remainder when 31 is divided by ((-176)/24)/(4/s)?
9
Let d = 64 - 33. Calculate the remainder when 90 is divided by d.
28
Let x(u) be the second derivative of -7*u**5/20 + u**4/12 + u**3/3 + u**2/2 - 9*u. Suppose 3*o = o + 30. What is the remainder when x(-2) is divided by o?
12
Suppose -3*h + 141 = -p, 5*h - 4*h + p - 43 = 0. Suppose a = -5*b + h, b - a = -3*a + 11. What is the remainder when 33 is divided by b?
6
Suppose -n - t = -2, -7*t = n - 2*t - 2. Suppose -3*b = n*b - 45. What is the remainder when 26 is divided by b?
8
Let j be 3/(-4)*-4*2. Suppose -w + 0*w = j. Let g = 15 - w. What is the remainder when g is divided by 11?
10
Calculate the remainder when (9/(81/462))/(2/3) is divided by 27.
23
Let h(i) = 13*i - 1. What is the remainder when h(4) is divided by 6?
3
Let x(a) = -a - 2. Let d be x(-3). Let i = d + 1. Let z = 8 - 3. What is the remainder when z is divided by i?
1
Let m be (9/2)/(4/16). Suppose -3*g + m = 2*g - 2*y, -3*g + 9 = -3*y. Calculate the remainder when 3 is divided by g - (3 + (0 - 1)).
1
Suppose 0 - 50 = -2*r. Calculate the remainder when r is divided by 6*2 + 2*1.
11
Let s = -5 + 9. Suppose s + 6 = 5*b. What is the remainder when 35 is divided by b - (6 + -1)*-2?
11
Let f(a) = 17*a - 2. Let g be 1/(-2)*(-1 + -3). What is the remainder when f(g) is divided by 4 - (12/(-4) - 4)?
10
Let y be 54/(-8) + 2/(-8). Let c(f) = -3*f. Let v be c(y). Suppose -2*g + v = g. Calculate the remainder when 19 is divided by g.
5
Let v = 3 + -3. Suppose v - 27 = -z. Let n = 2 - -8. Calculate the remainder when z is divided by n.
7
Suppose -5*d + 15 = 0, -2*d - 87 = 3*u - 6*u. Let s = 20 + -12. What is the remainder when u is divided by s?
7
Let g = -3 - -5. Let j = -2 - -1. Calculate the remainder when -6*(j/3)/1 is divided by g.
0
Let y = -12 + 17. Suppose -4*j - 142 = -y*z, 4*z + z = -5*j + 160. What is the remainder when z is divided by 11?
8
Let h = 132 - 119. What is the remainder when 43 is divided by h?
4
What is the remainder when 25 is divided by ((-1)/3)/(3*4/(-468))?
12
Suppose 0*f + 22 = 2*f. Let s = 29 + -9. Calculate the remainder when s is divided by f.
9
Let m = 5 + 0. Suppose -4*c = -m*c + 9. Calculate the remainder when 26 is divided by c.
8
Let m = 19 + -7. Calculate the remainder when m is divided by 5.
2
Suppose -f - 95 = -6*f. Suppose 5*u = u + 112. What is the remainder when f is divided by u/4*(2 + -1)?
5
Let s = 97 + -7. Calculate the remainder when s is divided by 31.
28
Suppose 5*n - 778 = j, -151 = 4*n + 2*j - 765. Let u = -111 + n. What is the remainder when u is divided by 15?
14
Suppose 0 = 5*g + 25, -4*t - 4*g - 435 - 185 = 0. Let q = -87 - t. What is the remainder when q is divided by 16?
15
Suppose -3*v + j + 0*j + 65 = 0, 0 = 4*v + 4*j - 76. Calculate the remainder when 82 is divided by v.
19
Let c = -3 - -10. Suppose g - 94 = -4*m, 3*g = -5*m + c*g + 107. What is the remainder when 89 is divided by m?
20
Suppose 5 + 23 = 4*g. What is the remainder when 48 is divided by g?
6
Let x = 33 - 48. Let n = -9 - x. What is the remainder when 15 is divided by n?
3
Let p = 3 - 1. Let j be 1 + (-2 - -29) - 1. Let f = j + -21. What is the remainder when f is divided by p?
0
Let w(d) = -d**3 - 6*d**2 - 5*d + 10. What is the remainder when 15 is divided by w(-5)?
5
Let h = 41 - 28. What is the remainder when 37 is divided by h?
11
Let r = 9 + -6. Suppose 3*s - r*c - c = 96, -4*s + 4*c + 132 = 0. What is the remainder when 13 is divided by 8/s + (-122)/(-18)?
6
Suppose 59 = 5*o + 4. What is the remainder when 28 is divided by o?
6
Suppose 2*v + 5*y = -1 + 104, -4*y - 45 = -v. Suppose -d = 5*b - 17, d + b - 17 = -0*b. Calculate the remainder when v is divided by d.
15
What is the remainder when 2/3 + (-19)/(-3) is divided by ((-9)/1)/(29 + -32)?
1
Let c = 23 - 10. Calculate the remainder when 48 is divided by c.
9
Suppose 0 = -q + 18 - 5. Calculate the remainder when 64 is divided by q.
12
Let k = 9 - -7. What is the remainder when 61 is divided by k?
13
Suppose 4*o = -0*o + 16. Suppose -34 + 10 = -2*s + 5*b, o*b = 3*s - 22. Suppose -4*h - 6 = -s, 3*z - 40 = -5*h. What is the remainder when 43 is divided by z?
13
Let u be -2 + 1 + 2 - -1. Suppose j - u = -0*j. Suppose 2*t = -2*k + j, -3*k - 8 = -k. Calculate the remainder when 13 is divided by t.
3
Let c(a) = 3*a + 1. Calculate the remainder when c(11) is divided by 14.
6
Let q = -2 - 2. Let p(j) = j - 76. Let d be p(0). Calculate the remainder when 36 is divided by 6/q*d/6.
17
Suppose -4 = y - 6. Suppose -2*k + 8 = 0, 0*v + 2*v + y*k - 22 = 0. Calculate the remainder when 12 is divided by v.
5
Suppose 3*w = -2*s + 8 + 50, -s + 39 = 2*w. What is the remainder when 53 is divided by w?
13
Suppose t - 3*q + 0 - 35 = 0, 5*q = -4*t + 157. Let j(o) = 3*o - 2. What is the remainder when t is divided by j(4)?
8
Let i(j) = j**3 - 4*j**2 + 6*j + 10. What is the remainder when 65 is divided by i(4)?
31
Let l(s) = s**3 + 6*s**2 + 3*s - 1. Let a(b) = 2*b**3 - 3*b**2 - 1. What is the remainder when a(3) is divided by l(-5)?
8
Let x be 1*(3/3 - -2). Suppose -w + 29 = 5*d, x*w + 0*d - 55 = d. Suppose 3*g - 28 = -g. What is the remainder when w is divided by g?
5
What is the remainder when -4 - 19/1*-1 is divided by 5?
0
Let u = 35 + -22. Calculate the remainder when 23 is divided by u.
10
Suppose 104*v = 107*v - 69. Calculate the remainder when v is divided by 12.
11
Let q = 255 + -121. Calculate the remainder when q is divided by 45.
44
Calculate the remainder when 4 is divided by -2 + 86/18 + (-28)/(-126).
1
Let h be (-2)/9 + (-102)/27. Calculate the remainder when 31 is divided by h*(0 - 2)*2.
15
Let o = 1 + 7. Let z = -3 + 25. What is the remainder when z is divided by o?
6
Let b(z) = -4*z - 9. Let h be (2/(-1))/((-4)/(-46)). Let y = h - -66. What is the remainder when y is divided by b(-6)?
13
Suppose -4*q + 74 + 18 = 0. Suppose 2*t = -0 + 6. Suppose 3*i = -2*i + 5*g + 50, 0 = -3*i - t*g + 42. What is the remainder when q is divided by i?
11
Suppose -4*h + 8 - 1 = -y, 3*y - 5*h = -7. Calculate the remainder when 4 is divided by y.
0
Let u = 46 + 188. Suppose -5*g + g = -h - u, -122 = -2*g - 2*h. Suppose 0 = 4*k - g + 3. What is the remainder when k is divided by 8?
6
Suppose 0 = 2*h + 2*h + 2*v - 284, -3*v = 2*h - 142. Let z(b) = 3*b - 9. Calculate the remainder when h is divided by z(9).
17
Suppose -5 = -2*z + 69. Suppose -s - 57 = -3*c - 4*s, 3*c - s = z. Calculate the remainder when c is divided by 5.
4
Suppose 2*h + 15 = 5*h. Let r be (6 - h)/(1/5). Suppose -8 - r = -v. Calculate the remainder when 24 is divided by v.
11
What is the remainder when 88 is divided by (60/9)/(8/36)?
28
What is the remainder when 36 is divided by 7/((-28)/(-48)) - -1?
10
Let z = -1 - -90. Calculate the remainder when z is divided by 23.
20
Let l be ((-5)/(-4))/((-2)/(-16)). Suppose 2*h = 4*h - l. Suppose -h - 2 = -q. Calculate the remainder when q is divided by 4.
3
Let w = -33 - -47. What is the remainder when 27 is divided by w?
13
Let c(l) = -16*l. Let u(a) = a**3 - 28*a**2 - 29*a + 47. Calculate the remainder when u(29) is divided by c(-1).
15
Suppose 0*v + v = 3. Suppose -v*s + 14 = -s. Let a = 32 - 20. What is the remainder when a is divided by s?
5
Let s(k) = k**3 - 3*k**2 - k + 2. Calculate the remainder when s(5) is divided by 3 + (3 - 6) + 16.
15
Let l(a) be the second derivative of a**4/12 + a**3/6 - 5*a**2/2 - 4*a. Let m = 14 + -1. Calculate the remainder when m is divided by l(-4).
6
Let r(v) = v**3 - 3*v**2 + 2*v + 2. What is the remainder when 13 is divided by r(3)?
5
Suppose 2*s + 7 = 37. What is the remainder when s is divided by 8?
7
Let y(s) = s**3 - 7*s**2 + 9*s - 2. Suppose -5 = z - 3*z - q, 3*q - 1 = z. Suppose -z*p + 18 = p. What is the remainder when y(6) is divided by p?
4
Let n be 6/((-3)/(18/(-4))). Let w = n - 28. Let t = w + 37. Calculate the remainder when 52 is divided by t.
16
Suppose -16 = 3*n - 385. Let i be (n/(-2))/(15/20). Calculate the remainder when 23 is divided by i/(-6) + (-4)/6.
10
Suppose l + 5*i = 7, -3*i = -5*l + l + 51. Suppose v = 3*u + 4, -11 = v - 3*v + 3*u. Suppose 0 = 3*d - v - 14. What is the remainder when l is divided by d?
5
